the highest common factor of 798720 and 455?
65
What is the highest common divisor of 1240072 and 128?
8
Calculate the greatest common factor of 432 and 3488.
16
Calculate the highest common divisor of 76 and 7771513.
19
What is the highest common divisor of 324 and 134028?
108
What is the highest common factor of 38939 and 4117?
23
What is the highest common divisor of 208 and 884?
52
What is the highest common divisor of 21 and 10325?
7
What is the highest common divisor of 252 and 3888?
36
What is the greatest common divisor of 741 and 3078?
57
What is the greatest common factor of 50269 and 153?
17
What is the greatest common divisor of 18 and 10593?
9
What is the greatest common divisor of 192 and 27744?
96
Calculate the highest common factor of 1721 and 2.
1
What is the highest common divisor of 734755 and 245?
245
What is the greatest common factor of 5 and 1583425?
5
What is the highest common factor of 2955 and 765?
15
What is the highest common divisor of 222 and 5454?
6
What is the greatest common divisor of 858 and 57915?
429
Calculate the greatest common factor of 187435 and 475.
95
Calculate the highest common divisor of 50 and 6675.
25
Calculate the highest common factor of 928518 and 6.
6
Calculate the highest common factor of 2792 and 31672.
8
Calculate the greatest common factor of 1056 and 113289.
33
Calculate the greatest common divisor of 56 and 8905512.
56
What is the highest common divisor of 200 and 72536?
8
What is the highest common factor of 1196 and 460?
92
What is the highest common factor of 550 and 134410?
10
Calculate the highest common factor of 6886 and 341.
11
What is the greatest common factor of 1652 and 74753?
413
What is the greatest common factor of 1230 and 144?
6
Calculate the highest common factor of 320396 and 35188.
1852
Calculate the highest common factor of 505 and 4866685.
505
What is the greatest common factor of 110808 and 30?
6
What is the greatest common factor of 130184 and 8?
8
Calculate the highest common divisor of 58 and 86942.
58
Calculate the greatest common divisor of 31205 and 395.
395
Calculate the highest common factor of 7859 and 6.
1
Calculate the highest common divisor of 48 and 4555080.
24
Calculate the highest common factor of 195 and 67335.
15
What is the greatest common factor of 135 and 27855?
45
Calculate the greatest common divisor of 75055 and 595.
85
Calculate the greatest common factor of 20577 and 150537.
1083
Calculate the highest common factor of 1352 and 243022.
338
What is the greatest common factor of 83448 and 152?
152
Calculate the highest common factor of 27720 and 154.
154
Calculate the highest common divisor of 45 and 6483.
3
Calculate the highest common factor of 374 and 608311.
187
What is the greatest common factor of 621 and 8469?
9
What is the highest common divisor of 3321 and 5103?
81
What is the highest common divisor of 2745 and 375?
15
Calculate the highest common factor of 1592 and 1249919.
199
Calculate the highest common divisor of 11430 and 7110.
90
What is the greatest common divisor of 400 and 3006800?
400
What is the highest common divisor of 439928 and 2598?
866
Calculate the greatest common divisor of 253050 and 735.
105
What is the highest common divisor of 3 and 1046499?
3
What is the greatest common divisor of 3558 and 9057482?
1186
What is the highest common divisor of 104544 and 27648?
864
Calculate the highest common factor of 30 and 105045.
15
Calculate the highest common divisor of 3179916 and 114.
114
What is the greatest common divisor of 948 and 252?
12
Calculate the greatest common divisor of 141391 and 31.
31
What is the highest common factor of 278 and 170831?
139
Calculate the greatest common factor of 186334 and 1510.
302
What is the greatest common divisor of 57018 and 2346?
102
What is the greatest common divisor of 166 and 297389?
83
What is the greatest common factor of 448 and 147168?
224
What is the greatest common factor of 492 and 2316?
12
What is the greatest common factor of 197593 and 1012?
253
What is the highest common factor of 8957920 and 480?
160
Calculate the greatest common factor of 676 and 48.
4
Calculate the greatest common factor of 555174 and 207.
207
What is the greatest common factor of 552 and 25440?
24
Calculate the greatest common factor of 120 and 7965.
15
Calculate the greatest common divisor of 24405 and 630.
15
Calculate the highest common factor of 438 and 3934262.
146
What is the greatest common factor of 9 and 7264827?
9
What is the highest common divisor of 40488 and 3906?
42
Calculate the greatest common divisor of 713670 and 30.
30
What is the highest common divisor of 4738 and 55414?
206
Calculate the greatest common divisor of 10359 and 123157.
1151
What is the greatest common factor of 212 and 334748?
212
Calculate the highest common divisor of 343917 and 9.
9
What is the greatest common factor of 155165 and 5?
5
Calculate the highest common factor of 50 and 725770.
10
Calculate the highest common factor of 3728 and 1616.
16
Calculate the greatest common factor of 12 and 476004.
12
Calculate the highest common factor of 416 and 28808.
104
Calculate the highest common factor of 33418 and 527.
31
Calculate the greatest common factor of 836632 and 40.
8
What is the highest common factor of 6280825 and 25?
25
What is the highest common factor of 7128 and 2552?
88
Calculate the greatest common divisor of 111 and 2960.
37
Calculate the greatest common divisor of 4410 and 55923.
21
Calculate the highest common divisor of 3108 and 962.
74
Calculate the greatest common divisor of 7656 and 6438.
174
What is the highest common factor of 10320 and 180?
60
What is the greatest common divisor of 53689 and 689?
53
What is the highest common divisor of 1464 and 7808?
488
Calculate the highest common factor of 33712 and 44032.
688
What is the highest common factor of 123480 and 360?
360
What is the greatest common divisor of 284 and 1692?
4
Calculate the greatest common divisor of 156512 and 1608.
536
What is the greatest common divisor of 205 and 97621?
41
What is the highest common divisor of 217250 and 10725?
275
What is the highest common divisor of 141414 and 588?
294
What is the greatest common divisor of 395980 and 260?
260
Calculate the greatest common divisor of 308 and 39578.
154
What is the greatest common divisor of 163045 and 5?
5
Calculate the greatest common factor of 62947 and 1216.
19
What is the greatest common divisor of 3102 and 41313?
141
Calculate the highest common divisor of 46 and 5430.
2
Calculate the highest common divisor of 1056 and 7326.
66
What is the highest common divisor of 148003 and 187765?
2209
What is the highest common factor of 134850 and 1070?
10
What is the greatest common factor of 1201509 and 306?
153
Calculate the highest common factor of 1216 and 50312.
152
What is the greatest common divisor of 10602 and 53568?
558
What is the greatest common divisor of 255 and 6585?
15
What is the highest common divisor of 650520 and 5733?
117
Calculate the greatest common factor of 308 and 424039.
77
What is the highest common factor of 5577 and 780?
39
What is the highest common factor of 1536 and 264768?
192
What is the greatest common factor of 2160 and 61896?
24
Calculate the highest common factor of 7236 and 486.
54
Calculate the highest common divisor of 123916 and 364.
52
Calculate the greatest common divisor of 72224 and 1220.
244
What is the greatest common factor of 1210693 and 187?
11
What is the highest common divisor of 3381 and 2070?
69
What is the highest common factor of 104 and 1152?
8
What is the highest common divisor of 18919 and 2?
1
What is the highest common factor of 408 and 82382?
34
Calculate the greatest common divisor of 208 and 2301.
13
Calculate the greatest common factor of 555 and 85515.
15
What is the greatest common divisor of 9 and 376641?
9
Calculate the highest common factor of 102 and 14929.
1
What is the greatest common factor of 2565 and 75?
15
Calculate the greatest common divisor of 969 and 12903.
51
What is the greatest common divisor of 60 and 148620?
60
What is the highest common factor of 179946 and 1152?
18
Calculate the highest common factor of 8229 and 3172.
13
What is the greatest common factor of 812 and 32161?
29